-62*n - 4. Let d be o(-2). Suppose 4*h - 264 = d. What are the prime factors of h?
2, 3
Let k = -229 - -104. Let g = -2 - k. What are the prime factors of g?
3, 41
Let z(s) = -s**3 - 8*s**2 + s + 10. Let n be z(-8). Suppose 9*b - 5*b = 0. Suppose b = n*j + j - 72. List the prime factors of j.
2, 3
Suppose -2*x - 2*p = -2556, 1848 + 1985 = 3*x + 4*p. What are the prime factors of x?
1279
Suppose -3*k + 2*q + 6 = 0, -6*q + q + 31 = 4*k. Let f = 1 - k. What are the prime factors of f/12*-4*15?
3, 5
Let l = -55 + 28. What are the prime factors of (-1 - -7)*(-36)/l?
2
What are the prime factors of 80/(-32)*5242/(-5)?
2621
What are the prime factors of (-4)/48*4821*-4?
1607
Suppose 2*n = 7*n. List the prime factors of 32/(n + -1 + 3).
2
Let i(n) = 9*n**2 + 4*n + 4. Let o be i(-1). Let f be (-316)/26 - 4/(-26). What are the prime factors of 4/f - (-246)/o?
3
What are the prime factors of (6/7)/(-3) + (-3017850)/(-770)?
3919
Suppose 0 = -6*h + 8*h + 3*d - 1767, d = -1. What are the prime factors of h?
3, 5, 59
Let y(u) = 17 + 6*u - 13 + 4*u. Suppose -a + 13 - 11 = 0. What are the prime factors of y(a)?
2, 3
Let p be (44/4)/((-2)/8). List the prime factors of 964/22 - 8/p.
2, 11
Let t be (-20)/3 - 30/(-45). Let u(f) = 3*f**2 - 5*f + 8. List the prime factors of u(t).
2, 73
Let g = 15 + -13. Let r be (30/(-25))/(1 - 7/5). Suppose -r*p = g*p - 25. What are the prime factors of p?
5
Suppose -4*v + 15 - 3 = 0. Suppose -2*u + 232 = v*k + 13, 0 = 3*k + 5*u - 210. List the prime factors of k.
3, 5
Let u = 2609 - 1713. What are the prime factors of u?
2, 7
Suppose 0 = -4*t - b + 1 + 1, 0 = 4*t - 4*b - 12. Suppose -i - t = -5*i + 5*l, -4*i + 2*l = -10. List the prime factors of 3 + i/(-8)*-86.
2, 23
Suppose -11*f = -168 - 492. Let i = -35 + f. What are the prime factors of i?
5
Let r = -127 - 57. Let p = r - -364. What are the prime factors of p?
2, 3, 5
Suppose 4 = 2*s - 2. Suppose 7*q - s*q = 0. Suppose r + 3*r - 28 = q. What are the prime factors of r?
7
Let b = -19 - -26. Suppose 0 = -b*p + 10*p - 54. List the prime factors of p.
2, 3
Let w be (-306)/(-81) + 2/9. Let l be (6/w)/((-3)/(-8)). Suppose -l + 0 = -2*u. What are the prime factors of u?
2
Let x(b) be the first derivative of b**4/4 + 10*b**3/3 - 5*b**2/2 - 10*b + 27. List the prime factors of x(-10).
2, 5
Let m = 1079 + -16. List the prime factors of m.
1063
Let o(q) = 3*q**3 - 4*q**2 - 13*q - 5. Let l be o(5). Suppose -5*z + 22 + 421 = 2*g, -g = -3*z - l. List the prime factors of g.
2, 107
Suppose 17 = 5*g + 2. Let n = g - 5. What are the prime factors of n + 40 + 0/(-4)?
2, 19
Let k(g) = g**3 + 8*g**2 + 4. Let v be k(-8). Suppose h = v*a - 4, h - a = 6*h - 43. Suppose -203 = -h*n + 285. What are the prime factors of n?
61
Let u be ((-3)/6)/(1/76). Let j = -4 - u. Suppose 2*o - 2*i = j, 5*i = 4*o - 41 - 30. What are the prime factors of o?
2, 7
Suppose -5*v - 804 = 3*t + 360, -2*v - 464 = 2*t. Let m = 409 + v. List the prime factors of m.
5, 7
Let y(f) = -f**3 + 6*f**2 + 15*f - 20. Let z be y(8). Let c = 34 + z. List the prime factors of c.
2, 3
Let l(j) = -j**3 + 31*j**2 + 56*j - 26. What are the prime factors of l(30)?
2, 1277
Let a(i) = -27 - i**3 + 6*i + 5*i**2 + 55 - 24. What are the prime factors of a(5)?
2, 17
Let r = -100 - -102. Suppose -5*s + 209 = -4*q + 785, 2*s + 286 = r*q. List the prime factors of q.
139
Suppose -4*q - 80*r + 4349 = -85*r, -9 = -3*r. List the prime factors of q.
1091
Suppose 0 = -t + 4*t + o - 64, 5*o = -10. List the prime factors of 4866/t - 2/11.
13, 17
Let l(s) = -s**2 + 10*s + 2. Let y be l(9). Suppose 0 = -w + 16 + y. List the prime factors of (-4)/6 - (-261)/w.
3
Suppose -8 - 4 = -6*g. Suppose g*m + 48 = 5*m. What are the prime factors of m?
2
Suppose -m + 461 = 3*a, 4*a - 3*m = -a + 787. Suppose 241 + a = 3*l + 3*p, p = 3*l - 400. What are the prime factors of l?
7, 19
Let s be ((-124)/6)/((-6)/(-216)*-4). Let h = s - -86. List the prime factors of h.
2, 17
Let s be (126/35)/(4/10). Suppose -2*d + 2*b = 6*b - 2, s = 4*d + 3*b. What are the prime factors of d?
3
List the prime factors of (-3442)/3*(-84)/56.
1721
Let i = 2271 + -1344. What are the prime factors of i?
3, 103
Let t = 66 - 37. Let o be (3/(-2))/((-6)/32). Let x = t - o. List the prime factors of x.
3, 7
Let r = -326 + 512. Suppose -f + r = -192. List the prime factors of (0 + 8)*f/56.
2, 3
Let i = 27 - 21. Suppose i*x - 7*x + 94 = 0. What are the prime factors of x?
2, 47
Suppose 4*i + 132 = 332. Let r = 14 + 7. Let o = i - r. List the prime factors of o.
29
Let q(l) = 8*l**2 - 9*l - 245 - 231 + 462. List the prime factors of q(-3).
5, 17
What are the prime factors of (2/2 - -261) + -1?
3, 29
List the prime factors of ((-874)/(-12))/((-17)/(-102)).
19, 23
Let n(w) = 6*w**2 + 26*w + 3. List the prime factors of n(6).
3, 5
Suppose -4*h + 3848 = 5*w, -h = -6*h - w + 4831. Suppose 3*c + 160 = h. What are the prime factors of c?
269
Let l(y) be the first derivative of 3*y**2 - 4*y - 2. Let c be l(2). Suppose 44 = c*x - 4*x. List the prime factors of x.
11
Let a(m) = -m**2 - 19*m - 14. Let d(r) = r. Let n(j) = -a(j) - 5*d(j). Suppose -3*t - 50 = 2*v, 0 = -4*t + 2*t + 2*v - 20. What are the prime factors of n(t)?
2, 7
Let p be (-27)/(-4) - (-1)/4. Let r = 51 + -60. List the prime factors of r/(2 - p/2).
2, 3
Let h(q) = q + 19. Let k be h(-8). Suppose 34 = 3*a - k. What are the prime factors of 136/(-12)*a/(-10)?
17
Suppose 0 = -4*k - 5*g - 14, -2*k - 3*g - 11 = 3*k. List the prime factors of k*(0 + 3 - 22).
19
Let v = -4848 + 9919. List the prime factors of v.
11, 461
Let p = -37 + 41. Suppose 38 = -2*j + p*j. List the prime factors of j.
19
What are the prime factors of (75/(-10))/(146/(-36) + 4)?
3, 5
Suppose 2*m = -3*w - 125, -4*m - m - w = 280. Let x = m + 82. What are the prime factors of (-188)/(-36) - 6/x?
5
Let n(w) = 50*w + 2. Let j be n(1). Let f be j/65*(0 - -30). List the prime factors of (18/1)/(8/f).
2, 3
Let b = -19 - 8. Let g = -40 + 2. Let k = b - g. List the prime factors of k.
11
Let x(a) = a**2 + 6*a + 2. Let u be x(-4). Let t be 2*-1*9/u. Suppose -t*j - 2*i = -143 + 34, 2*j - 4*i = 78. What are the prime factors of j?
37
Suppose 4*g = -5*t - 9, -t = -g + t + 14. Suppose -3*p - 34 = -0*p - g*y, -4*y = -5*p - 46. Let m(q) = q**2 + 3*q + 6. List the prime factors of m(p).
2, 3
Let u(w) = -4*w + 136. What are the prime factors of u(14)?
2, 5
Suppose -7*k = 136 - 1949. What are the prime factors of k?
7, 37
Suppose -3*f + 78 = -153. Suppose 11*d + 202 + 227 = 0. Let h = d + f. List the prime factors of h.
2, 19
Let n = 563 + 487. What are the prime factors of n?
2, 3, 5, 7
Let l(k) = 80*k**2 - 16*k + 2. List the prime factors of l(-3).
2, 5, 7, 11
Let d(h) = 90*h. Let t be d(-2). Let u = -49 - t. What are the prime factors of u?
131
Let c(i) = -10*i - 17. What are the prime factors of c(-8)?
3, 7
Let b = 79 - -2378. What are the prime factors of b?
3, 7, 13
Let q(x) = 8*x**2 - 26*x - 4. Let l(g) = -8*g + 60. Let a be l(8). List the prime factors of q(a).
2, 3, 19
Let p = 1443 - 981. List the prime factors of p.
2, 3, 7, 11
Let v(d) = -24*d - d + 2*d + 5*d + 22. List the prime factors of v(-15).
2, 73
Suppose 7*m - 5*m + 4 = 0. Let t be 47 + (-2)/(-2) + m. List the prime factors of t*(-4)/(-32)*4.
23
Let p(o) = 3*o - 6. Let z be 51/18 - (-4)/24. Let m be p(z). Suppose 48 = 3*w + w + 4*s, -m*s - 12 = 0. List the prime factors of w.
2
Let u(q) = -q**3 + 7*q**2. Let f be u(7). Suppose r + 4*w = 69, -4*w = -f*r + 4*r - 240. What are the prime factors of r?
3, 19
Let l = 2 + -2. Suppose l*h - 5*j = -5*h + 180, 141 = 4*h - 3*j. Let f = h - 19. List the prime factors of f.
2, 7
Let g(r) = 2*r + 1. Let j be g(8). Let n = -23 + j. Let z = n - -15. List the prime factors of z.
3
Suppose 5*w - 5910 - 2218 = 2*g, 6502 = 4*w - 2*g. List the prime factors of w.
2, 3, 271
Let t be 34/5 + (-3)/(-15). Suppose -4*p - t - 49 = 0. Let i = 51 + p. List the prime factors of i.
37
Let x(d) = 7 + 17*d**2 + d + 9 - 29 + 7. List the prime factors of x(-2).
2, 3, 5
Let h(v) = v**2 - 14*v + 2. Let y be ((-11)/(-2))/((-1)/2). What are the prime factors of h(y)?
277
What are the prime factors of 151*-3*(-5 + (-10)/(-3))?
5, 151
Let d = 17 + -10. Suppose -d*l = -2*l. Suppose 4*a - 18 - 38 = l. List the prime factor